
What is -16 (base 8) in base 7?
-20
-58 (base 10) to base 11
-53
Convert -10 (base 14) to base 8.
-16
15 (base 7) to base 16
c
What is 14 (base 7) in base 16?
b
What is -21221 (base 3) in base 10?
-214
What is -13 (base 12) in base 3?
-120
Convert 102 (base 10) to base 12.
86
What is -2 (base 14) in base 8?
-2
What is 4 (base 8) in base 9?
4
Convert 15 (base 8) to base 6.
21
What is -216 (base 9) in base 10?
-177
-13 (base 9) to base 2
-1100
What is -5 (base 14) in base 9?
-5
5 (base 10) to base 9
5
What is 11 (base 14) in base 8?
17
-7 (base 16) to base 9
-7
Convert 2 (base 11) to base 13.
2
Convert -1122 (base 4) to base 12.
-76
What is -16 (base 14) in base 12?
-18
What is -200 (base 5) in base 14?
-38
What is 83 (base 15) in base 2?
1111011
Convert -9 (base 11) to base 13.
-9
Convert 231 (base 6) to base 13.
70
Convert 34 (base 15) to base 16.
31
What is -46 (base 9) in base 11?
-39
6 (base 13) to base 8
6
-2c (base 13) to base 5
-123
27 (base 11) to base 15
1e
What is -100 (base 2) in base 14?
-4
What is -11 (base 2) in base 6?
-3
Convert 2 (base 9) to base 14.
2
What is 33 (base 6) in base 14?
17
What is -22222 (base 3) in base 5?
-1432
-2 (base 16) to base 14
-2
What is 25 (base 9) in base 13?
1a
-34 (base 10) to base 7
-46
What is 101101 (base 2) in base 15?
30
-29 (base 16) to base 15
-2b
0 (base 11) to base 2
0
What is -26 (base 15) in base 11?
-33
Convert -1 (base 10) to base 6.
-1
What is 20 (base 13) in base 8?
32
What is d3 (base 15) in base 12?
146
What is -c (base 13) in base 12?
-10
0 (base 4) to base 12
0
1 (base 12) to base 10
1
Convert -1 (base 16) to base 12.
-1
-11 (base 7) to base 13
-8
-1220 (base 5) to base 15
-c5
20 (base 15) to base 6
50
2 (base 10) to base 14
2
-432 (base 7) to base 16
-db
Convert 2 (base 13) to base 10.
2
-6 (base 8) to base 11
-6
Convert 5a (base 13) to base 2.
1001011
What is 2 (base 13) in base 3?
2
Convert -4 (base 5) to base 4.
-10
Convert 250 (base 6) to base 13.
7b
5 (base 10) to base 5
10
Convert -101101101 (base 2) to base 5.
-2430
-8b (base 13) to base 12
-97
Convert -1 (base 2) to base 6.
-1
1b (base 15) to base 11
24
What is 1 (base 10) in base 6?
1
6 (base 9) to base 15
6
What is 130 (base 6) in base 9?
60
-2 (base 11) to base 7
-2
7 (base 11) to base 15
7
Convert 20 (base 15) to base 14.
22
Convert 1f (base 16) to base 8.
37
What is -b (base 14) in base 16?
-b
Convert 7 (base 13) to base 11.
7
-4 (base 15) to base 10
-4
What is -18 (base 12) in base 13?
-17
What is -11110101 (base 2) in base 12?
-185
Convert -2 (base 3) to base 12.
-2
-2 (base 6) to base 16
-2
0 (base 6) to base 13
0
b (base 16) to base 15
b
Convert -2 (base 3) to base 6.
-2
What is 4 (base 16) in base 8?
4
What is -10 (base 3) in base 5?
-3
-3 (base 6) to base 13
-3
173 (base 16) to base 11
308
Convert 36 (base 7) to base 6.
43
What is 222 (base 8) in base 13?
b3
What is 180 (base 10) in base 4?
2310
-10 (base 3) to base 13
-3
Convert -10221 (base 4) to base 8.
-451
10 (base 4) to base 3
11
What is 2 (base 16) in base 2?
10
What is -1 (base 14) in base 7?
-1
Convert 222 (base 5) to base 3.
2022
What is -137 (base 10) in base 13?
-a7
Convert 10110 (base 2) to base 7.
31
-57 (base 14) to base 13
-5c
Convert 30 (base 6) to base 7.
24
Convert -5 (base 11) to base 9.
-5
-332 (base 4) to base 2
-111110
11 (base 8) to base 13
9
Convert 0 (base 13) to base 6.
0
What is -11 (base 7) in base 9?
-8
-7 (base 8) to base 7
-10
What is 10 (base 3) in base 10?
3
Convert -3 (base 8) to base 15.
-3
Convert -5 (base 11) to base 14.
-5
Convert -30 (base 4) to base 8.
-14
Convert 3 (base 10) to base 8.
3
Convert -14 (base 9) to base 12.
-11
-50 (base 14) to base 10
-70
Convert 8 (base 15) to base 12.
8
What is -114 (base 5) in base 12?
-2a
54 (base 6) to base 15
24
127 (base 11) to base 9
176
Convert -23 (base 6) to base 9.
-16
What is 2 (base 11) in base 8?
2
What is 11 (base 4) in base 12?
5
-10 (base 6) to base 5
-11
3 (base 6) to base 2
11
What is -244 (base 13) in base 3?
-112121
What is -1 (base 12) in base 3?
-1
-2b (base 16) to base 7
-61
What is 1 (base 11) in base 5?
1
-3 (base 11) to base 7
-3
Convert -23 (base 11) to base 6.
-41
-8 (base 14) to base 16
-8
59 (base 14) to base 15
54
Convert 163 (base 9) to base 7.
255
4 (base 7) to base 2
100
Convert -2 (base 11) to base 5.
-2
-1210 (base 3) to base 8
-60
What is 110 (base 2) in base 9?
6
Convert 10 (base 5) to base 10.
5
Convert 104 (base 7) to base 6.
125
Convert -7 (base 9) to base 2.
-111
100 (base 6) to base 7
51
14 (base 14) to base 4
102
What is a1 (base 13) in base 15?
8b
Convert -251 (base 7) to base 10.
-134
Convert 5 (base 8) to base 10.
5
-101011 (base 2) to base 15
-2d
What is -88 (base 15) in base 8?
-200
What is -134 (base 7) in base 14?
-54
-10 (base 4) to base 15
-4
Convert 3 (base 5) to base 16.
3
What is 352 (base 7) in base 10?
184
44 (base 9) to base 14
2c
16 (base 16) to base 10
22
4 (base 9) to base 11
4
Convert -146 (base 8) to base 6.
-250
-14 (base 6) to base 4
-22
26 (base 16) to base 8
46
What is -211 (base 4) in base 2?
-100101
-3 (base 12) to base 4
-3
What is 3 (base 10) in base 15?
3
Convert -35 (base 6) to base 2.
-10111
What is 1200 (base 5) in base 8?
257
Convert -7a (base 16) to base 3.
-11112
1 (base 15) to base 9
1
What is -4 (base 12) in base 10?
-4
-12001 (base 3) to base 9
-161
Convert 13 (base 4) to base 6.
11
-4 (base 9) to base 7
-4
Convert -a2 (base 13) to base 16.
-84
65 (base 7) to base 2
101111
-1 (base 10) to base 5
-1
What is -7 (base 12) in base 4?
-13
112 (base 4) to base 10
22
What is -7 (base 10) in base 3?
-21
Convert -56 (base 16) to base 6.
-222
What is 2 (base 16) in base 11?
2
0 (base 5) to base 7
0
Convert 1110011 (base 2) to base 4.
1303
Convert -39 (base 13) to base 9.
-53
What is -176 (base 12) in base 15?
-109
What is -22 (base 11) in base 10?
-24
What is 5 (base 10) in base 4?
11
What is -11001 (base 2) in base 16?
-19
-120 (base 3) to base 7
-21
-1112 (base 3) to base 4
-221
Convert 4 (base 8) to base 9.
4
-121 (base 3) to base 8
-20
12 (base 7) to base 16
9
40 (base 6) to base 16
18
Convert 2 (base 5) to base 3.
2
What is -105 (base 7) in base 8?
-66
What is -6 (base 7) in base 14?
-6
Convert -138 (base 10) to base 14.
-9c
What is 3 (base 11) in base 14?
3
-2 (base 7) to base 8
-2
Convert 5b (base 15) to base 3.
10012
What is -47 (base 10) in base 3?
-1202
Convert 1 (base 10) to base 3.
1
-2 (base 8) to base 7
-2
What is 33 (base 6) in base 9?
23
Convert -1 (base 6) to base 12.
-1
201 (base 3) to base 16
13
What is -20 (base 3) in base 14?
-6
What is 10002 (base 3) in base 12?
6b
13 (base 13) to base 9
17
Convert 58 (base 13) to base 14.
53
10 (base 4) to base 3
11
1 (base 14) to base 4
1
What is 125 (base 8) in base 12?
71
What is -21 (base 10) in base 3?
-210
15 (base 14) to base 10
19
3 (base 10) to base 14
3
-1 (base 8) to base 15
-1
Convert 10a (base 14) to base 6.
542
Convert -101 (base 5) to base 7.
-35
11 (base 6) to base 11
7
What is -13 (base 9) in base 8?
-14
18b (base 12) to base 15
11b
3 (base 6) to base 7
3
Convert -21 (base 14) to base 11.
-27
What is -30 (base 8) in base 11?
-22
What is 12 (base 14) in base 11?
15
Convert -155 (base 7) to base 4.
-1121
-100011 (base 2) to base 3
-1022
462 (base 7) to base 8
360
What is -b (base 13) in base 12?
-b
Convert 1b4 (base 14) to base 7.
1014
What is -10 (base 12) in base 6?
-20
Convert -1000001 (base 2) to base 13.
-50
What is -1002 (base 3) in base 10?
-29
4 (base 15) to base 5
4
Convert -10011 (base 2) to base 15.
-14
What is 1100 (base 3) in base 14?
28
-104 (base 7) to base 16
-35
Convert 14 (base 15) to base 10.
19
Convert 0 (base 15) to base 14.
0
1 (base 5) to base 2
1
Convert 5 (base 11) to base 4.
11
What is -31 (base 14) in base 9?
-47
23 (base 5) to base 10
13
-1 (base 6) to base 13
-1
What is 2 (base 16) in base 10?
2
What is 120 (base 5) in base 9?
38
-5 (base 16) to base 12
-5
What is 2022 (base 3) in base 5?
222
What is -3 (base 8) in base 10?
-3
What is 10021 (base 4) in base 12?
1a1
Convert -5b (base 13) to base 9.
-84
-1 (base 10) to base 16
-1
100 (base 4) to base 8
20
What is -11012 (base 3) in base 15?
-78
What is -2 (base 10) in base 4?
-2
-14 (base 7) to base 10
-11
Convert 1100110 (base 2) to base 16.
66
-a (base 13) to bas